{"id":373,"date":"2018-08-22T08:39:33","date_gmt":"2018-08-22T08:39:33","guid":{"rendered":"https:\/\/backpacktraveler.qodeinteractive.com\/elementor\/?page_id=373"},"modified":"2025-12-19T14:32:35","modified_gmt":"2025-12-19T13:32:35","slug":"get-in-touch","status":"publish","type":"page","link":"https:\/\/www.les13ordubroc.fr\/?page_id=373","title":{"rendered":"Estimation"},"content":{"rendered":"\t\t<div data-elementor-type=\"wp-page\" data-elementor-id=\"373\" class=\"elementor elementor-373\" data-elementor-post-type=\"page\">\n\t\t\t\t<div class=\"aux-parallax-section elementor-element elementor-element-79965d8 e-grid e-con-boxed e-con e-parent\" data-id=\"79965d8\" data-element_type=\"container\">\n\t\t\t\t\t<div class=\"e-con-inner\">\n\t\t\t\t<div class=\"elementor-element elementor-element-98aade6 elementor-widget elementor-widget-heading\" data-id=\"98aade6\" data-element_type=\"widget\" data-widget_type=\"heading.default\">\n\t\t\t\t<div class=\"elementor-widget-container\">\n\t\t\t\t\t<h2 class=\"elementor-heading-title elementor-size-default\">Estimez votre monnaie<\/h2>\t\t\t\t<\/div>\n\t\t\t\t<\/div>\n\t\t\t\t<div class=\"elementor-element elementor-element-8c9848b elementor-widget-divider--view-line elementor-widget elementor-widget-divider\" data-id=\"8c9848b\" data-element_type=\"widget\" data-widget_type=\"divider.default\">\n\t\t\t\t<div class=\"elementor-widget-container\">\n\t\t\t\t\t\t\t<div class=\"elementor-divider\">\n\t\t\t<span class=\"elementor-divider-separator\">\n\t\t\t\t\t\t<\/span>\n\t\t<\/div>\n\t\t\t\t\t\t<\/div>\n\t\t\t\t<\/div>\n\t\t\t\t<div class=\"elementor-element elementor-element-b531500 elementor-widget elementor-widget-text-editor\" data-id=\"b531500\" data-element_type=\"widget\" data-widget_type=\"text-editor.default\">\n\t\t\t\t<div class=\"elementor-widget-container\">\n\t\t\t\t\t\t\t\t\t<p>Pour obtenir une estimation rapide et pr\u00e9cise de vos pi\u00e8ces de monnaie, il vous suffit de suivre ces \u00e9tapes :<\/p><ol><li><strong>Prenez des photos de vos monnaies<\/strong> : Assurez-vous de capturer des images claires et nettes, recto et verso. Une bonne lumi\u00e8re et un arri\u00e8re-plan neutre permettent de mieux distinguer les d\u00e9tails.<\/li><li><strong>Transf\u00e9rez vos photos<\/strong> : T\u00e9l\u00e9chargez les images directement sur cette page en toute s\u00e9curit\u00e9. Vos fichiers sont prot\u00e9g\u00e9s et ne seront utilis\u00e9s qu\u2019\u00e0 des fins d\u2019\u00e9valuation.<\/li><li><strong>Compl\u00e9tez les informations compl\u00e9mentaires<\/strong> : Ajoutez des d\u00e9tails comme l&rsquo;ann\u00e9e, l&rsquo;origine ou toute inscription notable sur vos monnaies pour une analyse encore plus pr\u00e9cise.<\/li><li><strong>Recevez votre estimation<\/strong> : Nos experts examineront vos pi\u00e8ces et vous fourniront une estimation d\u00e9taill\u00e9e dans les plus brefs d\u00e9lais.<\/li><\/ol><p><strong>Nos services sont con\u00e7us pour vous offrir une exp\u00e9rience simple, rapide et fiable. Confiez vos monnaies \u00e0 des professionnels !<\/strong><\/p>\t\t\t\t\t\t\t\t<\/div>\n\t\t\t\t<\/div>\n\t\t\t\t\t<\/div>\n\t\t\t\t<\/div>\n\t\t<div class=\"aux-parallax-section elementor-element elementor-element-cdea20e e-grid e-con-boxed e-con e-parent\" data-id=\"cdea20e\" data-element_type=\"container\">\n\t\t\t\t\t<div class=\"e-con-inner\">\n\t\t\t\t<div class=\"elementor-element elementor-element-7336be7 elementor-widget elementor-widget-wpforms\" data-id=\"7336be7\" data-element_type=\"widget\" data-widget_type=\"wpforms.default\">\n\t\t\t\t<div class=\"elementor-widget-container\">\n\t\t\t\t\t<style id=\"wpforms-css-vars-root\">\n\t\t\t\t:root {\n\t\t\t\t\t--wpforms-field-border-radius: 3px;\n--wpforms-field-border-style: solid;\n--wpforms-field-border-size: 1px;\n--wpforms-field-background-color: #ffffff;\n--wpforms-field-border-color: rgba( 0, 0, 0, 0.25 );\n--wpforms-field-border-color-spare: rgba( 0, 0, 0, 0.25 );\n--wpforms-field-text-color: rgba( 0, 0, 0, 0.7 );\n--wpforms-field-menu-color: #ffffff;\n--wpforms-label-color: rgba( 0, 0, 0, 0.85 );\n--wpforms-label-sublabel-color: rgba( 0, 0, 0, 0.55 );\n--wpforms-label-error-color: #d63637;\n--wpforms-button-border-radius: 3px;\n--wpforms-button-border-style: none;\n--wpforms-button-border-size: 1px;\n--wpforms-button-background-color: #066aab;\n--wpforms-button-border-color: #066aab;\n--wpforms-button-text-color: #ffffff;\n--wpforms-page-break-color: #066aab;\n--wpforms-background-image: none;\n--wpforms-background-position: center center;\n--wpforms-background-repeat: no-repeat;\n--wpforms-background-size: cover;\n--wpforms-background-width: 100px;\n--wpforms-background-height: 100px;\n--wpforms-background-color: rgba( 0, 0, 0, 0 );\n--wpforms-background-url: none;\n--wpforms-container-padding: 0px;\n--wpforms-container-border-style: none;\n--wpforms-container-border-width: 1px;\n--wpforms-container-border-color: #000000;\n--wpforms-container-border-radius: 3px;\n--wpforms-field-size-input-height: 43px;\n--wpforms-field-size-input-spacing: 15px;\n--wpforms-field-size-font-size: 16px;\n--wpforms-field-size-line-height: 19px;\n--wpforms-field-size-padding-h: 14px;\n--wpforms-field-size-checkbox-size: 16px;\n--wpforms-field-size-sublabel-spacing: 5px;\n--wpforms-field-size-icon-size: 1;\n--wpforms-label-size-font-size: 16px;\n--wpforms-label-size-line-height: 19px;\n--wpforms-label-size-sublabel-font-size: 14px;\n--wpforms-label-size-sublabel-line-height: 17px;\n--wpforms-button-size-font-size: 17px;\n--wpforms-button-size-height: 41px;\n--wpforms-button-size-padding-h: 15px;\n--wpforms-button-size-margin-top: 10px;\n--wpforms-container-shadow-size-box-shadow: none;\n\n\t\t\t\t}\n\t\t\t<\/style><style id=\"wpforms-css-vars-elementor-widget-7336be7\">\n\t\t\t\t.elementor-widget-wpforms.elementor-element-7336be7 {\n\t\t\t\t\t--wpforms-field-size-input-height: 43px;\n--wpforms-field-size-input-spacing: 15px;\n--wpforms-field-size-font-size: 16px;\n--wpforms-field-size-line-height: 19px;\n--wpforms-field-size-padding-h: 14px;\n--wpforms-field-size-checkbox-size: 16px;\n--wpforms-field-size-sublabel-spacing: 5px;\n--wpforms-field-size-icon-size: 1;\n--wpforms-label-size-font-size: 16px;\n--wpforms-label-size-line-height: 19px;\n--wpforms-label-size-sublabel-font-size: 14px;\n--wpforms-label-size-sublabel-line-height: 17px;\n--wpforms-button-size-font-size: 17px;\n--wpforms-button-size-height: 41px;\n--wpforms-button-size-padding-h: 15px;\n--wpforms-button-size-margin-top: 10px;\n\n\t\t\t\t}\n\t\t\t<\/style><div class=\"wpforms-container wpforms-container-full wpforms-render-modern\" id=\"wpforms-8548\"><form id=\"wpforms-form-8548\" class=\"wpforms-validate wpforms-form\" data-formid=\"8548\" method=\"post\" enctype=\"multipart\/form-data\" action=\"\/index.php?rest_route=%2Fwp%2Fv2%2Fpages%2F373&#038;wpforms_form_id=8548\" data-token=\"8167cf43ee1b8f436966d3fd2846480d\" data-token-time=\"1777496731\"><noscript class=\"wpforms-error-noscript\">Veuillez activer JavaScript dans votre navigateur pour remplir ce formulaire.<\/noscript><div class=\"wpforms-hidden\" id=\"wpforms-error-noscript\">Veuillez activer JavaScript dans votre navigateur pour remplir ce formulaire.<\/div><div class=\"wpforms-field-container\"><div id=\"wpforms-8548-field_7-container\" class=\"wpforms-field wpforms-field-content\" data-field-id=\"7\"><div id=\"wpforms-8548-field_7\" class=\"wpforms-field-large wpforms-field-row\" aria-errormessage=\"wpforms-8548-field_7-error\"><h4 style=\"text-align: center\"><strong>Face Avant<\/strong><\/h4>\n<div class=\"wpforms-field-content-display-frontend-clear\"><\/div><\/div><\/div><div id=\"wpforms-8548-field_9-container\" class=\"wpforms-field wpforms-field-content\" data-field-id=\"9\"><div id=\"wpforms-8548-field_9\" class=\"wpforms-field-large wpforms-field-row\" aria-errormessage=\"wpforms-8548-field_9-error\"><p><img fetchpriority=\"high\" decoding=\"async\" height=\"288\" width=\"300\" alt=\"\" src=\"https:\/\/www.les13ordubroc.fr\/wp-content\/uploads\/2025\/01\/piece_av-300x288.png\" class=\"size-medium wp-image-8594 aligncenter\" srcset=\"https:\/\/www.les13ordubroc.fr\/wp-content\/uploads\/2025\/01\/piece_av-300x288.png 300w, https:\/\/www.les13ordubroc.fr\/wp-content\/uploads\/2025\/01\/piece_av.png 623w\" sizes=\"(max-width: 300px) 100vw, 300px\" \/><\/p>\n<div class=\"wpforms-field-content-display-frontend-clear\"><\/div><\/div><\/div><div id=\"wpforms-8548-field_16-container\" class=\"wpforms-field wpforms-field-file-upload\" data-field-id=\"16\"><label class=\"wpforms-field-label\" for=\"wpforms-8548-field_16\">D\u00e9poser\/Glisser vos Photos <span class=\"wpforms-required-label\" aria-hidden=\"true\">*<\/span><\/label><div\n\t\tclass=\"wpforms-uploader\"\n\t\tdata-field-id=\"16\"\n\t\tdata-form-id=\"8548\"\n\t\tdata-input-name=\"wpforms_8548_16\"\n\t\tdata-extensions=\"jpg,jpeg,jpe,gif,png,bmp,tiff,tif,webp,avif,ico,heic,heif,heics,heifs,asf,asx,wmv,wmx,wm,avi,divx,mov,qt,mpeg,mpg,mpe,mp4,m4v,ogv,webm,mkv,3gp,3gpp,3g2,3gp2,txt,asc,c,cc,h,srt,csv,tsv,ics,rtx,css,vtt,mp3,m4a,m4b,aac,ra,ram,wav,x-wav,ogg,oga,flac,mid,midi,wma,wax,mka,rtf,pdf,class,tar,zip,gz,gzip,rar,7z,psd,xcf,doc,pot,pps,ppt,wri,xla,xls,xlt,xlw,mpp,docx,docm,dotx,dotm,xlsx,xlsm,xlsb,xltx,xltm,xlam,pptx,pptm,ppsx,ppsm,potx,potm,ppam,sldx,sldm,onetoc,onetoc2,onepkg,oxps,xps,odt,odp,ods,odg,odc,odb,odf,wp,wpd,key,numbers,pages,svg\"\n\t\tdata-max-size=\"41943040\"\n\t\tdata-max-file-number=\"1\"\n\t\tdata-post-max-size=\"134217728\"\n\t\tdata-max-parallel-uploads=\"4\"\n\t\tdata-parallel-uploads=\"true\"\n\t\tdata-file-chunk-size=\"2097152\">\n\t<div class=\"dz-message\">\n\t\t<svg viewBox=\"0 0 1024 1024\" focusable=\"false\" data-icon=\"inbox\" width=\"50px\" height=\"50px\" fill=\"currentColor\" aria-hidden=\"true\">\n\t\t\t<path d=\"M885.2 446.3l-.2-.8-112.2-285.1c-5-16.1-19.9-27.2-36.8-27.2H281.2c-17 0-32.1 11.3-36.9 27.6L139.4 443l-.3.7-.2.8c-1.3 4.9-1.7 9.9-1 14.8-.1 1.6-.2 3.2-.2 4.8V830a60.9 60.9 0 0 0 60.8 60.8h627.2c33.5 0 60.8-27.3 60.9-60.8V464.1c0-1.3 0-2.6-.1-3.7.4-4.9 0-9.6-1.3-14.1zm-295.8-43l-.3 15.7c-.8 44.9-31.8 75.1-77.1 75.1-22.1 0-41.1-7.1-54.8-20.6S436 441.2 435.6 419l-.3-15.7H229.5L309 210h399.2l81.7 193.3H589.4zm-375 76.8h157.3c24.3 57.1 76 90.8 140.4 90.8 33.7 0 65-9.4 90.3-27.2 22.2-15.6 39.5-37.4 50.7-63.6h156.5V814H214.4V480.1z\"><\/path>\n\t\t<\/svg>\n\t\t<span class=\"modern-title\">Cliquez ou d\u00e9placez un fichier dans cette zone pour le t\u00e9l\u00e9verser.<\/span>\n\n\t\t\t<\/div>\n<\/div>\n<input\n\t\ttype=\"text\"\n\t\tautocomplete=\"off\"\n\t\treadonly\n\t\tclass=\"dropzone-input\"\n\t\tstyle=\"position:absolute!important;clip:rect(0,0,0,0)!important;height:1px!important;width:1px!important;border:0!important;overflow:hidden!important;padding:0!important;margin:0!important;\"\n\t\tid=\"wpforms-8548-field_16\"\n\t\tname=\"wpforms_8548_16\" required\t\tvalue=\"\">\n<\/div><div id=\"wpforms-8548-field_10-container\" class=\"wpforms-field wpforms-field-content\" data-field-id=\"10\"><div id=\"wpforms-8548-field_10\" class=\"wpforms-field-large wpforms-field-row\" aria-errormessage=\"wpforms-8548-field_10-error\"><h4 style=\"text-align: center\"><strong>Face Arri\u00e8re<\/strong><\/h4>\n<div class=\"wpforms-field-content-display-frontend-clear\"><\/div><\/div><\/div><div id=\"wpforms-8548-field_6-container\" class=\"wpforms-field wpforms-field-content\" data-field-id=\"6\"><div id=\"wpforms-8548-field_6\" class=\"wpforms-field-large wpforms-field-row\" aria-errormessage=\"wpforms-8548-field_6-error\"><p><img decoding=\"async\" height=\"300\" width=\"300\" alt=\"\" src=\"https:\/\/www.les13ordubroc.fr\/wp-content\/uploads\/2025\/01\/piece_ar-300x300.png\" class=\"size-medium wp-image-8595 aligncenter\" srcset=\"https:\/\/www.les13ordubroc.fr\/wp-content\/uploads\/2025\/01\/piece_ar-300x300.png 300w, https:\/\/www.les13ordubroc.fr\/wp-content\/uploads\/2025\/01\/piece_ar-150x150.png 150w, https:\/\/www.les13ordubroc.fr\/wp-content\/uploads\/2025\/01\/elementor\/thumbs\/piece_ar-qzgtlpl348f4i70knemxut9u40801zlepv2uxtt498.png 110w, https:\/\/www.les13ordubroc.fr\/wp-content\/uploads\/2025\/01\/elementor\/thumbs\/piece_ar-qzgtlpl3jkzvkhvdp0xulfv9h2p2l3pwrzoo3bh59m.png 145w, https:\/\/www.les13ordubroc.fr\/wp-content\/uploads\/2025\/01\/elementor\/thumbs\/piece_ar-qzgtlpl3he21zlgoz2wahmxcf7hhnik4heges8ya9k.png 140w, https:\/\/www.les13ordubroc.fr\/wp-content\/uploads\/2025\/01\/elementor\/thumbs\/piece_ar-qzgtlpl3erbvaiko3y1md2lfykflc0d6j3dp7riunw.png 134w, https:\/\/www.les13ordubroc.fr\/wp-content\/uploads\/2025\/01\/elementor\/thumbs\/piece_ar-qzgtlpl3dvr525lztkfebjth50qyk6av7nosoxppgo.png 132w, https:\/\/www.les13ordubroc.fr\/wp-content\/uploads\/2025\/01\/elementor\/thumbs\/piece_ar-qzgtlpl3d06etsnbj6t6a11ibh2bsc8jw7zw63wk9g.png 130w, https:\/\/www.les13ordubroc.fr\/wp-content\/uploads\/2025\/01\/piece_ar.png 489w\" sizes=\"(max-width: 300px) 100vw, 300px\" \/><\/p>\n<div class=\"wpforms-field-content-display-frontend-clear\"><\/div><\/div><\/div><div id=\"wpforms-8548-field_17-container\" class=\"wpforms-field wpforms-field-file-upload\" data-field-id=\"17\"><label class=\"wpforms-field-label\" for=\"wpforms-8548-field_17\">D\u00e9poser\/Glisser vos Photos <span class=\"wpforms-required-label\" aria-hidden=\"true\">*<\/span><\/label><div\n\t\tclass=\"wpforms-uploader\"\n\t\tdata-field-id=\"17\"\n\t\tdata-form-id=\"8548\"\n\t\tdata-input-name=\"wpforms_8548_17\"\n\t\tdata-extensions=\"jpg,jpeg,jpe,gif,png,bmp,tiff,tif,webp,avif,ico,heic,heif,heics,heifs,asf,asx,wmv,wmx,wm,avi,divx,mov,qt,mpeg,mpg,mpe,mp4,m4v,ogv,webm,mkv,3gp,3gpp,3g2,3gp2,txt,asc,c,cc,h,srt,csv,tsv,ics,rtx,css,vtt,mp3,m4a,m4b,aac,ra,ram,wav,x-wav,ogg,oga,flac,mid,midi,wma,wax,mka,rtf,pdf,class,tar,zip,gz,gzip,rar,7z,psd,xcf,doc,pot,pps,ppt,wri,xla,xls,xlt,xlw,mpp,docx,docm,dotx,dotm,xlsx,xlsm,xlsb,xltx,xltm,xlam,pptx,pptm,ppsx,ppsm,potx,potm,ppam,sldx,sldm,onetoc,onetoc2,onepkg,oxps,xps,odt,odp,ods,odg,odc,odb,odf,wp,wpd,key,numbers,pages,svg\"\n\t\tdata-max-size=\"41943040\"\n\t\tdata-max-file-number=\"1\"\n\t\tdata-post-max-size=\"134217728\"\n\t\tdata-max-parallel-uploads=\"4\"\n\t\tdata-parallel-uploads=\"true\"\n\t\tdata-file-chunk-size=\"2097152\">\n\t<div class=\"dz-message\">\n\t\t<svg viewBox=\"0 0 1024 1024\" focusable=\"false\" data-icon=\"inbox\" width=\"50px\" height=\"50px\" fill=\"currentColor\" aria-hidden=\"true\">\n\t\t\t<path d=\"M885.2 446.3l-.2-.8-112.2-285.1c-5-16.1-19.9-27.2-36.8-27.2H281.2c-17 0-32.1 11.3-36.9 27.6L139.4 443l-.3.7-.2.8c-1.3 4.9-1.7 9.9-1 14.8-.1 1.6-.2 3.2-.2 4.8V830a60.9 60.9 0 0 0 60.8 60.8h627.2c33.5 0 60.8-27.3 60.9-60.8V464.1c0-1.3 0-2.6-.1-3.7.4-4.9 0-9.6-1.3-14.1zm-295.8-43l-.3 15.7c-.8 44.9-31.8 75.1-77.1 75.1-22.1 0-41.1-7.1-54.8-20.6S436 441.2 435.6 419l-.3-15.7H229.5L309 210h399.2l81.7 193.3H589.4zm-375 76.8h157.3c24.3 57.1 76 90.8 140.4 90.8 33.7 0 65-9.4 90.3-27.2 22.2-15.6 39.5-37.4 50.7-63.6h156.5V814H214.4V480.1z\"><\/path>\n\t\t<\/svg>\n\t\t<span class=\"modern-title\">Cliquez ou d\u00e9placez un fichier dans cette zone pour le t\u00e9l\u00e9verser.<\/span>\n\n\t\t\t<\/div>\n<\/div>\n<input\n\t\ttype=\"text\"\n\t\tautocomplete=\"off\"\n\t\treadonly\n\t\tclass=\"dropzone-input\"\n\t\tstyle=\"position:absolute!important;clip:rect(0,0,0,0)!important;height:1px!important;width:1px!important;border:0!important;overflow:hidden!important;padding:0!important;margin:0!important;\"\n\t\tid=\"wpforms-8548-field_17\"\n\t\tname=\"wpforms_8548_17\" required\t\tvalue=\"\">\n<\/div><div id=\"wpforms-8548-field_15-container\" class=\"wpforms-field wpforms-field-content\" data-field-id=\"15\"><div id=\"wpforms-8548-field_15\" class=\"wpforms-field-large wpforms-field-row\" aria-errormessage=\"wpforms-8548-field_15-error\"><h4 style=\"text-align: center\"><strong>Merci de nous laisser vos coordonn\u00e9es ainsi qu'un message !<\/strong><\/h4>\n<div class=\"wpforms-field-content-display-frontend-clear\"><\/div><\/div><\/div><div id=\"wpforms-8548-field_11-container\" class=\"wpforms-field wpforms-field-name\" data-field-id=\"11\"><fieldset><legend class=\"wpforms-field-label\">Nom <span class=\"wpforms-required-label\" aria-hidden=\"true\">*<\/span><\/legend><div class=\"wpforms-field-row wpforms-field-medium\"><div class=\"wpforms-field-row-block wpforms-first wpforms-one-half\"><input type=\"text\" id=\"wpforms-8548-field_11\" class=\"wpforms-field-name-first wpforms-field-required\" name=\"wpforms[fields][11][first]\" aria-errormessage=\"wpforms-8548-field_11-error\" required><label for=\"wpforms-8548-field_11\" class=\"wpforms-field-sublabel after\">Pr\u00e9nom<\/label><\/div><div class=\"wpforms-field-row-block wpforms-one-half\"><input type=\"text\" id=\"wpforms-8548-field_11-last\" class=\"wpforms-field-name-last wpforms-field-required\" name=\"wpforms[fields][11][last]\" aria-errormessage=\"wpforms-8548-field_11-last-error\" required><label for=\"wpforms-8548-field_11-last\" class=\"wpforms-field-sublabel after\">Nom<\/label><\/div><\/div><\/fieldset><\/div><div id=\"wpforms-8548-field_12-container\" class=\"wpforms-field wpforms-field-email\" data-field-id=\"12\"><label class=\"wpforms-field-label\" for=\"wpforms-8548-field_12\">E-mail <span class=\"wpforms-required-label\" aria-hidden=\"true\">*<\/span><\/label><input type=\"email\" id=\"wpforms-8548-field_12\" class=\"wpforms-field-medium wpforms-field-required\" name=\"wpforms[fields][12]\" spellcheck=\"false\" aria-errormessage=\"wpforms-8548-field_12-error\" required><\/div><div id=\"wpforms-8548-field_13-container\" class=\"wpforms-field wpforms-field-phone\" data-field-id=\"13\"><label class=\"wpforms-field-label\" for=\"wpforms-8548-field_13\">T\u00e9l\u00e9phone<\/label><input type=\"tel\" id=\"wpforms-8548-field_13\" class=\"wpforms-field-medium\" data-rule-int-phone-field=\"true\" name=\"wpforms[fields][13]\" aria-label=\"T\u00e9l\u00e9phone\" aria-errormessage=\"wpforms-8548-field_13-error\" ><\/div><div id=\"wpforms-8548-field_14-container\" class=\"wpforms-field wpforms-field-richtext wpforms-field-medium\" data-field-id=\"14\"><fieldset><legend class=\"wpforms-field-label\">Commentaire !<\/legend><div id=\"wp-wpforms-8548-field_14-wrap\" class=\"wp-core-ui wp-editor-wrap tmce-active\"><link rel='stylesheet' id='dashicons-css' href='https:\/\/www.les13ordubroc.fr\/wp-includes\/css\/dashicons.min.css?ver=6.9.4' media='all' \/>\n<link rel='stylesheet' id='editor-buttons-css' href='https:\/\/www.les13ordubroc.fr\/wp-includes\/css\/editor.min.css?ver=6.9.4' media='all' \/>\n<div id=\"wp-wpforms-8548-field_14-editor-tools\" class=\"wp-editor-tools hide-if-no-js\"><div class=\"wp-editor-tabs\"><button type=\"button\" id=\"wpforms-8548-field_14-tmce\" aria-pressed=\"true\" class=\"wp-switch-editor switch-tmce\" data-wp-editor-id=\"wpforms-8548-field_14\">Visuel<\/button>\n<button type=\"button\" id=\"wpforms-8548-field_14-html\" class=\"wp-switch-editor switch-html\" data-wp-editor-id=\"wpforms-8548-field_14\">Code<\/button>\n<\/div>\n<\/div>\n<div id=\"wp-wpforms-8548-field_14-editor-container\" class=\"wp-editor-container\"><div id=\"qt_wpforms-8548-field_14_toolbar\" class=\"quicktags-toolbar hide-if-no-js\"><\/div><textarea class=\"wp-editor-area\" style=\"height: 120px\" autocomplete=\"off\" cols=\"40\" name=\"wpforms[fields][14]\" id=\"wpforms-8548-field_14\"><\/textarea><\/div>\n<\/div>\n\n<\/fieldset><\/div><\/div><!-- .wpforms-field-container --><div class=\"wpforms-submit-container\" ><input type=\"hidden\" name=\"wpforms[id]\" value=\"8548\"><input type=\"hidden\" name=\"page_title\" value=\"\"><input type=\"hidden\" name=\"page_url\" value=\"https:\/\/www.les13ordubroc.fr\/index.php?rest_route=%2Fwp%2Fv2%2Fpages%2F373\"><button type=\"submit\" name=\"wpforms[submit]\" id=\"wpforms-submit-8548\" class=\"wpforms-submit\" aria-live=\"assertive\" value=\"wpforms-submit\">Envoyer<\/button><\/div><\/form><\/div>  <!-- .wpforms-container -->\t\t\t\t<\/div>\n\t\t\t\t<\/div>\n\t\t\t\t\t<\/div>\n\t\t\t\t<\/div>\n\t\t\t\t<section class=\"elementor-section elementor-top-section elementor-element elementor-element-542c724 elementor-section-full_width elementor-section-height-default elementor-section-height-default\" data-id=\"542c724\" data-element_type=\"section\" data-settings=\"{&quot;background_background&quot;:&quot;classic&quot;}\">\n\t\t\t\t\t\t<div class=\"elementor-container elementor-column-gap-default\">\n\t\t\t\t\t<div class=\"aux-parallax-section elementor-column elementor-col-100 elementor-top-column elementor-element elementor-element-3f6ac189\" data-id=\"3f6ac189\" data-element_type=\"column\">\n\t\t\t<div class=\"elementor-widget-wrap elementor-element-populated\">\n\t\t\t\t\t\t<section class=\"elementor-section elementor-inner-section elementor-element elementor-element-44f38287 elementor-section-boxed elementor-section-height-default elementor-section-height-default\" data-id=\"44f38287\" data-element_type=\"section\">\n\t\t\t\t\t\t<div class=\"elementor-container elementor-column-gap-default\">\n\t\t\t\t\t<div class=\"aux-parallax-section elementor-column elementor-col-100 elementor-inner-column elementor-element elementor-element-7ba1effd\" data-id=\"7ba1effd\" data-element_type=\"column\">\n\t\t\t<div class=\"elementor-widget-wrap elementor-element-populated\">\n\t\t\t\t\t\t<div class=\"elementor-element elementor-element-705454bb elementor-widget elementor-widget-text-editor\" data-id=\"705454bb\" data-element_type=\"widget\" data-widget_type=\"text-editor.default\">\n\t\t\t\t<div class=\"elementor-widget-container\">\n\t\t\t\t\t\t\t\t\t<h3 class=\"mkdf-st-title\" style=\"text-align: center;\">OUR TRAVEL GUIDES<\/h3>\t\t\t\t\t\t\t\t<\/div>\n\t\t\t\t<\/div>\n\t\t\t\t<div class=\"elementor-element elementor-element-64f40b95 elementor-widget elementor-widget-text-editor\" data-id=\"64f40b95\" data-element_type=\"widget\" data-widget_type=\"text-editor.default\">\n\t\t\t\t<div class=\"elementor-widget-container\">\n\t\t\t\t\t\t\t\t\t<div class=\"mkdf-section-title-holder mkdf-st-standard mkdf-st-title-left mkdf-st-normal-space \"><div class=\"mkdf-st-inner\"><p class=\"mkdf-st-text\" style=\"text-align: center;\"><span style=\"color: #838383;\">Read about your favorite travel destinations &amp; our adventures<\/span><\/p><\/div><\/div>\t\t\t\t\t\t\t\t<\/div>\n\t\t\t\t<\/div>\n\t\t\t\t\t<\/div>\n\t\t<\/div>\n\t\t\t\t\t<\/div>\n\t\t<\/section>\n\t\t\t\t\t<\/div>\n\t\t<\/div>\n\t\t\t\t\t<\/div>\n\t\t<\/section>\n\t\t\t\t<\/div>\n\t\t","protected":false},"excerpt":{"rendered":"<p>Estimez votre monnaie Pour obtenir une estimation rapide et pr\u00e9cise de vos pi\u00e8ces de monnaie, il vous suffit de suivre ces \u00e9tapes : Prenez des photos de vos monnaies : Assurez-vous de capturer des images claires et nettes, recto et verso. Une bonne lumi\u00e8re et un arri\u00e8re-plan neutre permettent de mieux distinguer les d\u00e9tails. Transf\u00e9rez [&hellip;]<\/p>\n","protected":false},"author":2,"featured_media":0,"parent":0,"menu_order":0,"comment_status":"closed","ping_status":"closed","template":"","meta":{"footnotes":""},"class_list":["post-373","page","type-page","status-publish","hentry"],"_links":{"self":[{"href":"https:\/\/www.les13ordubroc.fr\/index.php?rest_route=\/wp\/v2\/pages\/373","targetHints":{"allow":["GET"]}}],"collection":[{"href":"https:\/\/www.les13ordubroc.fr\/index.php?rest_route=\/wp\/v2\/pages"}],"about":[{"href":"https:\/\/www.les13ordubroc.fr\/index.php?rest_route=\/wp\/v2\/types\/page"}],"author":[{"embeddable":true,"href":"https:\/\/www.les13ordubroc.fr\/index.php?rest_route=\/wp\/v2\/users\/2"}],"replies":[{"embeddable":true,"href":"https:\/\/www.les13ordubroc.fr\/index.php?rest_route=%2Fwp%2Fv2%2Fcomments&post=373"}],"version-history":[{"count":25,"href":"https:\/\/www.les13ordubroc.fr\/index.php?rest_route=\/wp\/v2\/pages\/373\/revisions"}],"predecessor-version":[{"id":9130,"href":"https:\/\/www.les13ordubroc.fr\/index.php?rest_route=\/wp\/v2\/pages\/373\/revisions\/9130"}],"wp:attachment":[{"href":"https:\/\/www.les13ordubroc.fr\/index.php?rest_route=%2Fwp%2Fv2%2Fmedia&parent=373"}],"curies":[{"name":"wp","href":"https:\/\/api.w.org\/{rel}","templated":true}]}}